{"id":22,"date":"2022-12-05T10:45:08","date_gmt":"2022-12-05T09:45:08","guid":{"rendered":"http:\/\/dirxayg.cluster031.hosting.ovh.net\/?page_id=22"},"modified":"2025-12-10T11:00:43","modified_gmt":"2025-12-10T10:00:43","slug":"le-bureau-et-conseil-dadministration","status":"publish","type":"page","link":"https:\/\/adeba.fr\/index.php\/le-bureau-et-conseil-dadministration\/","title":{"rendered":"Objet de l&rsquo;association, CA &amp; bureau"},"content":{"rendered":"\n<p class=\"has-text-align-center\"><strong>Objet de l\u2019association<\/strong><\/p>\n\n\n\n<p>L\u2019association a pour objet la d\u00e9fense de la qualit\u00e9 des eaux du Bassin d\u2019Arcachon.<\/p>\n\n\n\n<p>Pour cela, elle suit avec attention toutes les activit\u00e9s men\u00e9es non seulement sur le Bassin lui-m\u00eame ou sur ses rives, mais aussi sur l\u2019ensemble de son bassin versant, et tous les \u00e9v\u00e8nements qui y surviennent, et qui sont susceptibles d\u2019impacter directement ou indirectement, temporairement ou durablement, la qualit\u00e9 des eaux.<\/p>\n\n\n\n<p>Elle analyse les \u00e9tudes men\u00e9es par les organismes comp\u00e9tents, participe aux consultations (enqu\u00eates publiques sur projets d\u2019am\u00e9nagement, \u2026) et aux instances consultatives environnementales, \u00e9met des requ\u00eates, avis et recommandations pour pr\u00e9server la qualit\u00e9 du milieu.<\/p>\n\n\n\n<p>Elle d\u00e9nonce aux autorit\u00e9s comp\u00e9tentes toute infraction environnementale et s\u2019assure de la mise en \u0153uvre effective des mesures correctives ad\u00e9quates.<\/p>\n\n\n\n<p>Enfin, elle met en \u0153uvre tous les moyens l\u00e9gaux pour lutter contre l\u2019alt\u00e9ration de la qualit\u00e9 des Eaux du Bassin, au besoin en se constituant partie civile pour porter plainte contre un pollueur.<\/p>\n\n\n\n<p class=\"has-text-align-center\"><strong>Le conseil d&rsquo;administration<\/strong><\/p>\n\n\n\n<p>L&rsquo;assembl\u00e9e g\u00e9n\u00e9rale du 25 novembre 2025 a \u00e9lu au conseil d&rsquo;administration Jean-Marc Bache, Jean-Claude Daisson, Dominique Ducasse, Daniel Lafon, Thierry Lafon, Mireille Mazurier, Vincent Merlaut, Elizabeth Rezer-Sandillon et Georges Smalbeen. <\/p>\n\n\n\n<p class=\"has-text-align-center\"><strong>Le bureau de l\u2019association<\/strong><\/p>\n\n\n\n<p><span style=\"text-decoration: underline;\">Pr\u00e9sident<\/span>&nbsp;: Thierry Lafon<br><span style=\"text-decoration: underline;\">Tr\u00e9sori\u00e8re<\/span>&nbsp;: Elizabeth Rezer-Sandillon,  tr\u00e9sorier adjoint : Dominique Ducasse<br><span style=\"text-decoration: underline;\">Secr\u00e9taire<\/span>&nbsp;: Daniel Lafon, secr\u00e9taire adjoint : Vincent Merlaut<\/p>\n","protected":false},"excerpt":{"rendered":"<p>Objet de l\u2019association L\u2019association a pour objet la d\u00e9fense de la qualit\u00e9 des eaux du Bassin d\u2019Arcachon. Pour cela, elle suit avec attention toutes les activit\u00e9s men\u00e9es non seulement sur le Bassin lui-m\u00eame ou sur ses rives, mais aussi sur &hellip; <a href=\"https:\/\/adeba.fr\/index.php\/le-bureau-et-conseil-dadministration\/\">Continuer la lecture <span class=\"meta-nav\">&rarr;<\/span><\/a><\/p>\n","protected":false},"author":1,"featured_media":0,"parent":0,"menu_order":0,"comment_status":"closed","ping_status":"closed","template":"","meta":{"footnotes":""},"class_list":["post-22","page","type-page","status-publish","hentry"],"_links":{"self":[{"href":"https:\/\/adeba.fr\/index.php\/wp-json\/wp\/v2\/pages\/22","targetHints":{"allow":["GET"]}}],"collection":[{"href":"https:\/\/adeba.fr\/index.php\/wp-json\/wp\/v2\/pages"}],"about":[{"href":"https:\/\/adeba.fr\/index.php\/wp-json\/wp\/v2\/types\/page"}],"author":[{"embeddable":true,"href":"https:\/\/adeba.fr\/index.php\/wp-json\/wp\/v2\/users\/1"}],"replies":[{"embeddable":true,"href":"https:\/\/adeba.fr\/index.php\/wp-json\/wp\/v2\/comments?post=22"}],"version-history":[{"count":3,"href":"https:\/\/adeba.fr\/index.php\/wp-json\/wp\/v2\/pages\/22\/revisions"}],"predecessor-version":[{"id":513,"href":"https:\/\/adeba.fr\/index.php\/wp-json\/wp\/v2\/pages\/22\/revisions\/513"}],"wp:attachment":[{"href":"https:\/\/adeba.fr\/index.php\/wp-json\/wp\/v2\/media?parent=22"}],"curies":[{"name":"wp","href":"https:\/\/api.w.org\/{rel}","templated":true}]}}